f k and j?
11
Let w(m) = -2*m + 3*m + 4*m - 4. Let u be (1*-1 - 0) + 4. Let h be w(u). Calculate the greatest common factor of h and 11.
11
Suppose 0 = -3*h - 4*q - 125, -5*q = h + 3*h + 165. Let d(v) = 5*v + 1. Let g be d(-2). Let w = g - h. Calculate the highest common divisor of w and 26.
26
Suppose 0 = -6*c + 4 + 32. Let g be 1 - 2 - (-21)/6*c. What is the highest common factor of g and 8?
4
Suppose -5*l - 3*r = r - 145, 3*l - r = 104. Let n be (9/(-2))/(l/(-22)). What is the highest common factor of 24 and n?
3
Let u(k) = k**3 + 10*k**2 + 14*k + 26. Let f be u(-8). What is the greatest common divisor of 12 and f?
6
Let q be 165 + (-10 - (-12 + -4)). Calculate the greatest common divisor of 19 and q.
19
Suppose d = -3*n - 47 + 61, 3*n = -2*d + 28. What is the highest common divisor of 238 and d?
14
Suppose 0 = 2*b + 2*b - 3*k - 4, 2*b + 8 = 4*k. Suppose 20 = 5*s, 15 = -q + 4*s + b. Calculate the highest common factor of 15 and q.
5
Let k be (-2)/(-2) - 3 - -26. Suppose 5*l + 4 = -p, p + 2*l - 8 = -p. Let m = p + 6. Calculate the greatest common divisor of k and m.
12
Suppose 1062*d - 1046*d = 448. What is the greatest common divisor of d and 28?
28
Let t be ((-2)/3 - -1)*-15. Let c(g) = 4*g**2 + 8*g - 10. Let d be c(t). Calculate the highest common divisor of d and 10.
10
Let v(h) = 3 - 9*h + 0*h - 3*h**2 + 2*h**2. Let o be v(-6). Suppose -6960 - 96 = -84*l - 28*l. Calculate the highest common divisor of l and o.
21
Suppose g + 80 = 150*d - 147*d, -5*d - 2*g = -115. Calculate the highest common divisor of 775 and d.
25
Let r = -183 - -102. Let z = r + 161. Let t be (-504)/(-49) - (92/28 + -3). What is the greatest common factor of z and t?
10
Let v = -228 + 230. What is the highest common divisor of 58 and v?
2
Suppose -5*h - 40 = -3*t, 0 = -0*h + 2*h + 10. Suppose -t*i + 2*b = -83, 3*b = 6*b + 12. Calculate the highest common factor of 45 and i.
15
Let h(w) = w**3 - w - 2. Let l(d) = -3*d. Let o be l(-1). Let t be h(o). Let z(a) = -a + 63. Let n be z(8). What is the highest common factor of t and n?
11
Let c be 97 + (-1 + 2)*1. Let z be ((-56)/10)/((-32)/80). Suppose 0 + z = q. Calculate the greatest common divisor of q and c.
14
Let x be (4 - (-118)/(-10))*-20. What is the highest common factor of 52 and x?
52
Suppose -4*n + 243 = 3*t, 5*n - 3*n = -8*t + 674. What is the greatest common divisor of 748 and t?
17
Suppose 0 = -8*z - 73 + 1113. Calculate the greatest common factor of 26 and z.
26
Let n(t) be the second derivative of 7*t**4/12 - 2*t**3/3 + 11*t. Let h be n(3). Suppose h = -0*s + s. Calculate the greatest common divisor of 34 and s.
17
Let q be (4 - 8/3)*12/1. Calculate the highest common factor of 256 and q.
16
Suppose -m - 18 = -4*m + 3*t, m + 9 = -2*t. Suppose -3*x + 2*x = -4*d + 10, 5*d = 5*x + 5. Calculate the greatest common divisor of m and d.
1
Let a(j) = -3*j + 2. Let y be a(-6). Suppose 6*p - 5*p - 15 = 0. Let h be (p + -10)*4/5. What is the highest common factor of h and y?
4
Let w be ((-10)/(-4) + -3)*-26. Let v = -12 + w. Let z = v - -8. Calculate the highest common divisor of 3 and z.
3
Suppose -5*d = -4*j - 120, -d - j = d - 48. Let t(l) = -l + 2. Let c be t(-4). Let w = c + d. Calculate the greatest common factor of w and 20.
10
Let j = 329 + -249. Calculate the greatest common divisor of 5 and j.
5
Let v = -18 - -24. Let s(u) = u**3 - 6*u**2 + 10*u - 2. Let t be s(v). Calculate the greatest common divisor of 29 and t.
29
Suppose 5*t + 4 = 3*t, o + 8 = -4*t. Suppose -4*a - 5*p + 200 = o, 4*a - 5*p - 168 = -2*p. What is the greatest common factor of 18 and a?
9
Let y = 25 - 18. Let k be ((-3)/5)/(1/(-10)). Suppose -k*d = -y*d + 11. Calculate the highest common factor of 121 and d.
11
Suppose 6*y - 41 = 199. Let v = -157 + 517. Calculate the highest common factor of v and y.
40
Let a = -454 + 511. What is the greatest common factor of 152 and a?
19
Let d = 17 - 9. Let c be 2 + -2 + 0 - (-34 + 32). Calculate the greatest common divisor of c and d.
2
Suppose 45 - 1 = 4*q. Let z(b) = -b**3 + 10*b**2 + 14*b + 1. Let d be z(q). What is the greatest common divisor of 170 and d?
34
Suppose -3 - 7 = -2*h, 2*d + 2*h = 514. What is the greatest common divisor of 28 and d?
28
Let c(r) = 4*r + 90. Suppose -25 = 5*v + 5*h, -20 = 8*v - 11*v + 4*h. Let b be c(v). What is the highest common factor of 10 and b?
10
Let h(v) = v**3 + 5*v**2 - 7*v + 6. Suppose 0 = 2*a - 5*y + 9 + 3, 2*y + 30 = -5*a. Let n be h(a). What is the highest common divisor of n and 30?
6
Let j = 3 + -2. Suppose -128 = -2*y + 2*s, -4*y - s + 253 = -4*s. Let u = 63 - y. Calculate the highest common factor of j and u.
1
Let v be 60/18 - (-6)/9. Suppose 0 = 5*g - c - 11 - 88, -v*g - 3*c = -83. What is the highest common factor of 200 and g?
20
Let m(r) = 11*r**2 + 15*r + 8. Let u be m(-3). What is the highest common divisor of 155 and u?
31
Let i be 361/3 - (-2)/(-6). Suppose i = -59*z + 62*z. Calculate the greatest common factor of 20 and z.
20
Let z = -35 - -37. Suppose 4*d + 2*u - 160 = 0, -d - 4*u + 34 = -z*u. Calculate the highest common divisor of 56 and d.
14
Suppose -38*q - 555 = -43*q. Calculate the highest common factor of 3 and q.
3
Let r(i) = -4*i**3 - i. Let p be r(1). Let m(v) = -2*v + 23. Let x be m(p). What is the greatest common divisor of 99 and x?
33
Let g be (-16*7/(-336))/(2/12). What is the highest common divisor of 74 and g?
2
Suppose 2*o - 13 = 3. Let w(f) be the first derivative of -87*f**4/4 - f**2 - f - 4. Let t be w(-1). What is the highest common divisor of o and t?
8
Let i = -6 + 7. Let g(w) = -w**2 - 7*w - 3. Suppose -b = 4*y + 9 + 7, -4*y = -4*b + 16. Let o be g(y). Calculate the highest common factor of o and i.
1
Suppose -a - 25 = 4*m, -4*a - 91 = 2*m + 37. Let r = 49 + a. Calculate the highest common divisor of r and 48.
16
Let i(z) = 5*z**2 + 2*z + 3. Let r be i(-2). What is the highest common divisor of 1 and r?
1
Let v = 91 + -88. Suppose -4*z = -2*w + w + 70, -4*w = v*z - 204. Calculate the highest common divisor of w and 81.
27
Let p = -88 - -93. Let t be -1*p*(1 + 3 - 17). What is the greatest common factor of t and 52?
13
Suppose 0 = 4*t - 11*t. Let a be ((t - -4) + -2)*10/4. Calculate the greatest common factor of 55 and a.
5
Let a be (-34592)/(-161) - 1/(-7). Suppose 35 - a = -4*u. Calculate the greatest common factor of u and 9.
9
Let k(l) = l + 31. Let h be k(-15). Suppose 2*o - h = -3*i, 5*o + 35 = 5*i - 25. Calculate the highest common divisor of i and 56.
8
Let u = 40 + -23. Calculate the highest common divisor of 391 and u.
17
Let r = 41 + 4. Suppose -g = -4, 3*h - 1 = -4*g + r. Suppose -3*j = -57 - 183. What is the greatest common factor of h and j?
10
Let k(r) = -8 - 3*r - 7*r - 3. Let p be k(-4). Calculate the highest common divisor of p and 290.
29
Suppose 145 = 10*r - 245. Calculate the highest common factor of 13 and r.
13
Let g = 305 - 301. What is the highest common divisor of 468 and g?
4
Suppose -t + 0*k = k - 165, -k + 5 = 0. Calculate the highest common divisor of 20 and t.
20
Suppose -75*i = -73*i - 24. Let q = 156 - 72. Calculate the greatest common factor of q and i.
12
Suppose 3*r = 3*m + 6, m = -14*r + 10*r + 18. Calculate the greatest common factor of 32 and m.
2
Let i be (7 + -25 + 0)*(-1)/8*4. Let x = 243 + -162. Calculate the highest common divisor of x and i.
9
Let w = -1010 + 1179. What is the highest common divisor of 13 and w?
13
Let w(v) = -v**2 - 7*v - 12. Let a be w(-14). Let h = -39 - a. Suppose -3*d - c = -41, 5*d - 5*c + 8*c = h. What is the highest common factor of d and 39?
13
Suppose -401 = -5*g + 4*u, -2*g - 2*u = -163 + 17. Calculate the highest common divisor of 3311 and g.
77
Let s(u) = 4*u - 42. Let x be s(12). Let p = -40 + 58. What is the greatest common divisor of x and p?
6
Let x = -96 - -154. Suppose 3*v + x = 5*v. Let r = v + -21. Calculate the greatest common divisor of r and 88.
8
Suppose -i + 0*i - 5 = 0. Let g be ((-2)/i)/((-2)/30). Let d(f) = -f**2 - 8*f - 5. Let p be d(g). What is the highest common factor of 77 and p?
7
Let g(k) = k**2 + 2*k - 1. Let p be g(-3). Let v = -27 - 4. Let u = 49 + v. Calculate the highest common factor of p and u.
2
Let s = 127 - 108. What is the greatest common divisor of s and 38?
19
Let n(u) = -7*u + 7. Let b(y) = y - 1. Let 